4265?
5
What is the units digit of 43087?
7
What is the tens digit of 992?
9
What is the units digit of 4434?
4
What is the tens digit of 1901?
0
What is the thousands digit of 1306?
1
What is the units digit of 17674?
4
What is the hundreds digit of 18880?
8
What is the tens digit of 603?
0
What is the units digit of 42627?
7
What is the hundreds digit of 8815?
8
What is the units digit of 20185?
5
What is the hundreds digit of 1727?
7
What is the tens digit of 274?
7
What is the tens digit of 35974?
7
What is the hundreds digit of 907?
9
What is the hundreds digit of 106?
1
What is the thousands digit of 3712?
3
What is the hundreds digit of 986?
9
What is the units digit of 45067?
7
What is the tens digit of 362?
6
What is the units digit of 4831?
1
What is the hundreds digit of 13408?
4
What is the thousands digit of 2901?
2
What is the tens digit of 14314?
1
What is the tens digit of 186?
8
What is the units digit of 637?
7
What is the thousands digit of 48618?
8
What is the thousands digit of 11250?
1
What is the units digit of 3792?
2
What is the tens digit of 1315?
1
What is the tens digit of 42?
4
What is the thousands digit of 44908?
4
What is the tens digit of 1973?
7
What is the hundreds digit of 2121?
1
What is the thousands digit of 41118?
1
What is the tens digit of 5923?
2
What is the units digit of 701?
1
What is the units digit of 6475?
5
What is the ten thousands digit of 14926?
1
What is the ten thousands digit of 19395?
1
What is the ten thousands digit of 28943?
2
What is the thousands digit of 17828?
7
What is the tens digit of 7327?
2
What is the thousands digit of 5345?
5
What is the units digit of 100261?
1
What is the tens digit of 14883?
8
What is the hundreds digit of 3019?
0
What is the units digit of 1532?
2
What is the hundreds digit of 140?
1
What is the hundreds digit of 27576?
5
What is the hundreds digit of 1231?
2
What is the thousands digit of 2533?
2
What is the hundreds digit of 34917?
9
What is the ten thousands digit of 68745?
6
What is the ten thousands digit of 77578?
7
What is the units digit of 74654?
4
What is the hundreds digit of 557?
5
What is the thousands digit of 4647?
4
What is the hundreds digit of 19719?
7
What is the units digit of 16945?
5
What is the hundreds digit of 31904?
9
What is the units digit of 1165?
5
What is the hundreds digit of 4526?
5
What is the units digit of 8164?
4
What is the thousands digit of 18653?
8
What is the thousands digit of 59572?
9
What is the thousands digit of 2008?
2
What is the tens digit of 4827?
2
What is the hundreds digit of 6894?
8
What is the thousands digit of 4564?
4
What is the thousands digit of 15098?
5
What is the tens digit of 2053?
5
What is the tens digit of 409?
0
What is the units digit of 70946?
6
What is the units digit of 1?
1
What is the hundreds digit of 336?
3
What is the tens digit of 5641?
4
What is the units digit of 12982?
2
What is the hundreds digit of 3196?
1
What is the units digit of 200115?
5
What is the tens digit of 1089?
8
What is the hundreds digit of 3526?
5
What is the tens digit of 6957?
5
What is the thousands digit of 2024?
2
What is the tens digit of 8522?
2
What is the tens digit of 51100?
0
What is the hundreds digit of 440?
4
What is the units digit of 4915?
5
What is the thousands digit of 29097?
9
What is the hundreds digit of 621?
6
What is the tens digit of 2187?
8
What is the units digit of 12537?
7
What is the tens digit of 50234?
3
What is the tens digit of 184?
8
What is the hundred thousands digit of 142400?
1
What is the ten thousands digit of 24800?
2
What is the hundreds digit of 476?
4
What is the hundreds digit of 2352?
3
What is the units digit of 2211?
1
What is the units digit of 18095?
5
What is the units digit of 4000?
0
What is the ten thousands digit of 27906?
2
What is the units digit of 729?
9
What is the units digit of 16292?
2
What is the tens digit of 3791?
9
What is the tens digit of 303?
0
What is the hundreds digit of 774?
7
What is the tens digit of 4654?
5
What is the ten thousands digit of 90951?
9
What is the units digit of 1673?
3
What is the thousands digit of 39890?
9
What is the tens digit of 300?
0
What is the tens digit of 119289?
8
What is the hundreds digit of 7984?
9
What is the ten thousands digit of 90296?
9
What is the units digit of 613?
3
What is the hundreds digit of 140711?
7
What is the hundreds digit of 1384?
3
What is the tens digit of 20289?
8
What is the hundreds digit of 2488?
4
What is the hundreds digit of 7494?
4
What is the hundreds digit of 1936?
9
What is the units digit of 87879?
9
What is the tens digit of 16943?
4
What is the hundreds digit of 2499?
4
What is the hundreds digit of 7291?
2
What is the hundreds digit of 20468?
4
What is the tens digit of 410?
1
What is the units digit of 7813?
3
What is the ten thousands digit of 40193?
4
What is the hundreds digit of 3727?
7
What is the thousands digit of 1375?
1
What is the tens digit of 2051?
5
What is the hundreds digit of 921?
9
What is the tens digit of 154414?
1
What is the hundreds digit of 735?
7
What is the units digit of 108019?
9
What is the hundreds digit of 9791?
7
What is the tens digit of 17858?
5
What is the units digit of 4863?
3
What is the tens digit of 2276?
7
What is the hundreds digit of 1629?
6
What is the units digit of 556?
6
What is the units digit of 7?
7
What is the hundreds digit of 14099?
0
What is the hundreds digit of 8007?
0
What is the tens digit of 394?
9
What is the hundreds digit of 630?
6
What is the thousands digit of 2523?
2
What is the tens digit of 4204?
0
What is the tens digit of 928?
2
What is the units digit of 589?
9
What is the thousands digit of 18142?
8
What is the tens digit of 972?
7
What is the thousands digit of 108683?
8
What is the ten thousands digit of 60123?
6
What is the hundreds digit of 4382?
3
What is the units digit of 5151?
1
What is the ten thousands digit of 30667?
3
What is the tens digit of 3081?
8
What is the units digit of 2403?
3
What is the units digit of 1588?
8
What is the units digit of 3894?
4
What is the hundreds digit of 8073?
0
What is the hundreds digit of 5039?
0
What is the tens digit of 1961?
6
What is the ten thousands digit of 21415?
2
What is the ten thousands digit of 51936?
5
What is the tens digit of 9874?
7
What is the thousands digit of 6646?
6
What is the hundreds digit of 113?
1
What is the tens digit of 1122?
2
What is the units digit of 976?
6
What is the hundreds digit of 74672?
6
What is the hundreds digit of 885?
8
What is the hundreds digit of 478?
4
What is the ten thousands digit of 14317?
1
What is the tens digit of 1102?
0
What is the tens digit of 10177?
7
What is the hundreds digit of 1146?
1
What is the thousands digit of 14284?
4
What is the hundreds digit of 6360?
3
What is the units digit of 4702?
2
What is the tens digit of 32354?
5
What is the ten thousands digit of 22522?
2
What is the tens digit of 41915?
1
What is the hundreds digit of 1352?
3
What is the units digit of 11674?
4
What is the hundreds digit of 3282?
2
What is the units digit of 371?
1
What is the tens digit of 16603?
0
What is the units digit of 6182?
2
What is the units digit of 862?
2
What is the units digit of 1930?
0
What is the thousands digit of 1235?
1
What is the units digit of 7504?
4
What is the units digit of 95?
5
What is the tens digit of 1605?
0
What is the units digit of 2759?
9
What is the tens digit of 27044?
4
What is the tens digit of 59358?
5
What is the tens digit of 148091?
9
What is the tens digit of 7288?
8
What is the thousands digit of 2331?
2
What is the tens digit of 262?
6
What is the units digit of 46143?
3
What is the hundreds digit of 7434?
4
What is the units digit of 97502?
2
What is the hundreds digit of 1405?
4
What is the tens digit of 5402?
0
What is the tens digit of 13173?
7
What is the hundreds digit of 8096?
0
What is the units digit of 19718?
8
What is the thousands digit of 13272?
3
What is the hundreds digit of 927?
9
What is the hundreds digit of 9842?
8
What is the hundreds digit of 1970?
9
What is the tens digit of 8955?
5
What is the units digit of 4647?
7
What is the hundreds digit of 835?
8
What is the thousands digit of 4388?
4
What is the tens digit of 716?
1
W